uppose 5*c = -3*a - 4, -3*a + 4*c = 46 - 6. Let r = a - -16. Calculate the remainder when 31 is divided by r.
7
Let z(m) = 22*m**2 - 89*m - 3. What is the remainder when z(7) is divided by 91?
88
Let i = -73 - -38. Calculate the remainder when (-63)/i*(23/3 + -1) is divided by 9.
3
Suppose 2*i = -4*b + 86, -14*b + 315 = 10*i - 17*b. What is the remainder when 3396 is divided by i?
30
Let i(d) = d**3 + 11*d**2 - 8*d + 83. What is the remainder when i(-9) is divided by 86?
59
Suppose -5*o + 3*x + 161 = 0, 2*o - 15*x - 60 = -16*x. Calculate the remainder when o is divided by 23.
8
Let j = 71 + -100. Let s = j + 60. Calculate the remainder when s is divided by 18.
13
Suppose -2252 = -9*j - 533. Calculate the remainder when j is divided by 102.
89
Let l(a) = a**2 - 6*a + 7. Let c be l(6). Let y = c - -4. Let v(i) = -2*i**2 + 13*i - 11. What is the remainder when y is divided by v(5)?
3
Let d(v) = 2*v**2 + 12*v + 7. Let s = 46 - -106. Calculate the remainder when s is divided by d(-8).
35
Let d(h) = -h**2 + 6*h + 1. Let p = -10 + 10. Suppose -y = -2*c + 2, p*y - 3*c = -3*y + 3. What is the remainder when 32 is divided by d(y)?
5
What is the remainder when (-1206)/(-8) - 4*2/(-32) is divided by 78?
73
Let t = 55 + -20. Calculate the remainder when t is divided by 8.
3
Suppose 9*s + 78 = 132. What is the remainder when 37 is divided by s?
1
Let w = -501 - -507. What is the remainder when 37 is divided by w?
1
Let y = -234 - 1136. What is the remainder when -2*((-10)/65 - y/(-52)) is divided by 14?
11
Suppose -4*g = -12 - 0, n - 51 = 3*g. Suppose 17 - 113 = -6*l. Calculate the remainder when n is divided by l.
12
Suppose -41 = -5*p - 4*y, 61 = 5*p + y + 17. Suppose 3*z - 102 = z. Let w = 84 - z. What is the remainder when w is divided by p?
6
Suppose -3*o + 3*p - 22 + 82 = 0, 4*p = -12. What is the remainder when 33 is divided by o?
16
Suppose -4*p + 70 = 10*p. Calculate the remainder when 122 is divided by p.
2
Suppose 4*p + 20 = -p, -5*p = 5*c + 275. Let d = -47 - c. Let w = 6 - 4. What is the remainder when d is divided by w?
0
Suppose 11*p - 8 = 15*p, 3*a = 4*p + 53. Calculate the remainder when 207 is divided by a.
12
Let d be (-9)/(-3)*(3 + -1)/2. Suppose -2*m + k = -18, -d*m = m + 4*k - 60. Calculate the remainder when 31 is divided by m.
9
Let t = 287 + -252. Calculate the remainder when 207 is divided by t.
32
Suppose 3*a - 4*z - 66 = -z, 4*a - 85 = z. Let x = a - 7. What is the remainder when 97 is divided by x?
13
Let k = 34 + -30. Suppose 112 = 3*i - k*x, i = 3*i + 5*x - 44. Calculate the remainder when i is divided by 17.
15
Suppose 0 = -8*q + 161 + 791. Calculate the remainder when 1069 is divided by q.
117
Let d(r) = -6*r - 10. Let m(f) = f + 1. Let v(y) = d(y) + 5*m(y). Calculate the remainder when v(-15) is divided by (-8)/(-28) - 26/(-7).
2
Let f(t) = 33*t + 73. What is the remainder when f(13) is divided by 7?
5
Let i = 53 - -2. Calculate the remainder when 49 is divided by 2/11 + 540/i.
9
Let v = -31 + 31. Suppose -10*q + 2*q + 200 = v. What is the remainder when q is divided by 10?
5
Suppose -n - 56 = -3*p - 6*n, 4*p - n = 90. Calculate the remainder when 425/15*1/(3/9) is divided by p.
19
Let m(j) = -j**2 + 16. Let w be m(0). Suppose 6*b - w = 4*b. Calculate the remainder when b is divided by 5.
3
Suppose 0 = -9*u + 11*u. Suppose -2*d + 115 = -5*s, s = -u*d - 4*d + 241. Let j = d + -35. What is the remainder when 47 is divided by j?
22
Suppose 0*d - 5*f = -d + 48, -3*d + 144 = 4*f. Suppose -4 = y - 3*g, 3 = 4*y - g - 3. Suppose -2*k - y*k = -d. Calculate the remainder when 32 is divided by k.
8
Let g(v) = 2*v**2 - 8*v + 36. What is the remainder when g(12) is divided by 29?
25
Calculate the remainder when 51 is divided by ((-11)/(-2))/(14 - 996/72).
18
Suppose 4*f = 5*f - 5*j + 4, 0 = -2*f + 4*j + 4. Calculate the remainder when 11 is divided by (14/(-4))/((-3)/f).
4
Calculate the remainder when 196 is divided by 596/6 + (5 - 130/30).
96
Suppose 5*p + 5 = 5*d, 0*d = -d + 3. Suppose -4*n = -2*s - 44, 2*s - 6 = -p*n - s. What is the remainder when 33 is divided by n?
6
Suppose -9 = -4*m + m. Suppose 0 = -m*k + 6*k + 3. Let s(f) = 78*f**2 + f. What is the remainder when s(k) is divided by 26?
25
Let v(z) = -5*z**3 - 3*z**2 - 3*z + 1. What is the remainder when 9 is divided by v(-1)?
3
Suppose -4*a = -3*f + 88, -13 - 63 = -3*f + a. Suppose s - j - f + 9 = 0, -j = 4*s - 40. Suppose 4*y - 29 = -1. Calculate the remainder when s is divided by y.
4
Let o(k) = 2*k**2 - 11*k + 10. Let z = -28 - -36. Calculate the remainder when o(z) is divided by 26.
24
Suppose 4*j + 769 = 3*g + 3196, -1 = g. Suppose -n = -7*n + j. Suppose 5*w + 35 - 205 = 0. Calculate the remainder when n is divided by w.
33
Let a be 1/(-4) - (-4328)/32. Suppose -3*i = 2*i - a. Calculate the remainder when (-2 + (-32)/(-12))/(10/1605) is divided by i.
26
Suppose -5*u + 6*u - 1 = 0. Let w = 72 + -43. What is the remainder when (-1 - -173)/(1 + u) is divided by w?
28
Suppose 1305 = 11*v + 34*v. Let u(l) = l**2 - 2*l - 7. What is the remainder when v is divided by u(5)?
5
Let z(h) = -4*h**2 + 11*h - 27. Let s be z(3). What is the remainder when 6 is divided by (60/(-90))/(4/s)?
1
What is the remainder when 21 is divided by (1*(-8)/1)/(0 - 1)?
5
Let q be ((-152)/57)/(4/18). Suppose 4*b - t + 268 = -2*t, 5*t + 350 = -5*b. Let z = q - b. What is the remainder when z is divided by 14?
12
Let b = 2 + 0. Suppose -b*m + 3 = -9. Calculate the remainder when 14 is divided by m.
2
Let v = -260 + 270. What is the remainder when 29 is divided by v?
9
Let n = -95 - -119. Let v(f) = f**3 - 23*f**2 - 23*f + 50. Calculate the remainder when v(n) is divided by 25.
24
Let h be 30*(-3)/21*-7. Suppose 0 = -3*s - 6, -2*s - 9 + h = k. Calculate the remainder when k is divided by ((-42)/(-9))/(2/3).
4
Let u(c) = -c**3 - 4*c**2 - 4*c + 5. What is the remainder when 242 is divided by u(-5)?
42
Let s = -1627 - -1700. Calculate the remainder when 360 is divided by s.
68
Suppose 4*h - 200 = -4*l, l - 10 + 98 = 2*h. Calculate the remainder when h is divided by 8.
6
Suppose 0 = -7*b + 48 + 15. Let w = b + 10. Calculate the remainder when 151 is divided by w.
18
Suppose 0*v - 4*v = -5*l - 15, 3*v - 15 = 5*l. Let m(k) = -k**2 + 6*k - 1. What is the remainder when (33/3)/(v + 1) is divided by m(4)?
4
Suppose -2*q - 3*b + 2 = -4*q, -4*q + b + 6 = 0. What is the remainder when 96 is divided by (1 + q - 6) + 6 + 23?
18
What is the remainder when (-2196)/(-15) - (-6)/10 is divided by (6/(-7))/((-12)/420)?
27
Suppose 0 = 3*h - m - 1 + 27, -2*h + 4*m = 14. Let d(w) = -13*w - 91. Calculate the remainder when 75 is divided by d(h).
23
Let n(k) = 3*k - 2. Let l be n(2). Let u = l + 18. Let b = -22 + 30. Calculate the remainder when u is divided by b.
6
Suppose -4*d + 8 = -12, -s = 2*d - 41. What is the remainder when 50 is divided by s?
19
Let l be (4/(-2) + -1)*-1. Suppose l*h + 3*p = 90, 0*p = -4*p + 20. What is the remainder when 99 is divided by h?
24
Let t(r) = r**2 - 2*r + 35. Calculate the remainder when t(4) is divided by 32.
11
Let m(b) = 3*b**2 - 6*b - 18. Let k be m(7). Let g = k - 70. What is the remainder when 2/2*25*2 is divided by g?
16
Let z(r) = 4*r + 128. Calculate the remainder when 370 is divided by z(-29).
10
What is the remainder when 6 + 2 - 5 - -669 is divided by 75?
72
Let x(d) = 7*d - 5. Suppose -15 = -r - 35*g + 39*g, -2*g - 24 = -2*r. What is the remainder when x(8) is divided by r?
7
What is the remainder when 64 is divided by 3/12*52 + 20/5?
13
Suppose -3*d = -4*o - 18, 1 = 3*d + 7. Let b be (6/(-27))/(o/54). Suppose 4*a - s - 84 = -0*s, b*a - 24 = -4*s. What is the remainder when 77 is divided by a?
17
Let k(q) = -8*q**3 + 3*q**2 - 3*q - 4. Let h be k(3). Let v = h + 305. Calculate the remainder when v is divided by 13.
12
Let p = -385 + 395. What is the remainder when 55 is divided by p?
5
Let p(h) = 13*h**2 + 14*h - 30. What is the remainder when p(3) is divided by 32?
1
Calculate the remainder when 30/270 - 638/(-9) is divided by 15.
11
Calculate the remainder when 817 is divided by (-50)/20*(16/4)/(-1).
7
Let k be (-7)/(1/68*4). Let q = 142 + k. Calculate the remainder when 112 is divided by q.
20
Let v(s) = s**2 + 2*s + 1. Let o be v(-3). Suppose -4*m = -0*p - o*p + 44, -2*m =